{"id":245,"date":"2024-07-17T20:27:10","date_gmt":"2024-07-17T20:27:10","guid":{"rendered":"https:\/\/syptel.com\/?page_id=245"},"modified":"2024-09-09T18:14:38","modified_gmt":"2024-09-09T18:14:38","slug":"contactanos","status":"publish","type":"page","link":"https:\/\/syptel.com\/index.php\/contactanos\/","title":{"rendered":"Contacto"},"content":{"rendered":"\n<p><\/p>\n\n\n\n<div class=\"wp-block-columns is-layout-flex wp-container-core-columns-is-layout-28f84493 wp-block-columns-is-layout-flex\">\n<div class=\"wp-block-column is-layout-flow wp-block-column-is-layout-flow\">\n<p>Oficina Corporativa Tijuana<br>SYPTEL, S.A. de C.V.<br>Miguel M. Lira #2250-B, Col. Morelos<br>Tijuana, B.C. | M\u00e9xico | C.P. 22150<\/p>\n\n\n\n<p>Tel. (664) 633 70 00<br><\/p>\n\n\n\n<p>Departamento de Ventas<br>ventas@syptel.com<\/p>\n\n\n\n<p>Departamento de Compras<br>compras@syptel.com<\/p>\n<\/div>\n\n\n\n<div class=\"wp-block-column is-layout-flow wp-block-column-is-layout-flow\">\n<form action=\"mailto:ventas@syptel.com\" enctype=\"text\/plain\" method=\"post\"><label for=\"name\">Nombre:<\/label><br><input id=\"name\" name=\"name\" required=\"\" type=\"text\"><p><\/p>\n<p><label for=\"email\">Email:<\/label><br><input id=\"email\" name=\"email\" required=\"\" type=\"email\"><\/p>\n<p><label for=\"telefono\">Tel\u00e9fono:<\/label><br><input id=\"telefono\" name=\"telefono\" pattern=\"[0-9]{3}-[0-9]{3}-[0-9]{4}\" required=\"\" placeholder=\"ej: 664-567-8903\" maxlength=\"12\" type=\"tel\"><\/p>\n<p><label for=\"empresa\">Nombre de la Empresa:<\/label><br><input id=\"empresa\" name=\"empresa\" required=\"\" type=\"text\"><\/p>\n<p><label for=\"locacion\">Ubicaci\u00f3n:<\/label><br><select id=\"locacion\" name=\"locacion\" required=\"\"><option disabled=\"disabled\" selected=\"selected\" value=\"\">Selecciona tu estado<\/option><option value=\"Aguascalientes\">Aguascalientes<\/option><option value=\"Baja California\">Baja California<\/option><option value=\"Baja California Sur\">Baja California Sur<\/option><option value=\"Campeche\">Campeche<\/option><option value=\"Chiapas\">Chiapas<\/option><option value=\"Chihuahua\">Chihuahua<\/option><option value=\"Ciudad de M\u00e9xico\">Ciudad de M\u00e9xico<\/option><option value=\"Coahuila\">Coahuila<\/option><option value=\"Colima\">Colima<\/option><option value=\"Durango\">Durango<\/option><option value=\"Estado de M\u00e9xico\">Estado de M\u00e9xico<\/option><option value=\"Guanajuato\">Guanajuato<\/option><option value=\"Guerrero\">Guerrero<\/option><option value=\"Hidalgo\">Hidalgo<\/option><option value=\"Jalisco\">Jalisco<\/option><option value=\"Michoac\u00e1n\">Michoac\u00e1n<\/option><option value=\"Morelos\">Morelos<\/option><option value=\"Nayarit\">Nayarit<\/option><option value=\"Nuevo Le\u00f3n\">Nuevo Le\u00f3n<\/option><option value=\"Oaxaca\">Oaxaca<\/option><option value=\"Puebla\">Puebla<\/option><option value=\"Quer\u00e9taro\">Quer\u00e9taro<\/option><option value=\"Quintana Roo\">Quintana Roo<\/option><option value=\"San Luis Potos\u00ed\">San Luis Potos\u00ed<\/option><option value=\"Sinaloa\">Sinaloa<\/option><option value=\"Sonora\">Sonora<\/option><option value=\"Tabasco\">Tabasco<\/option><option value=\"Tamaulipas\">Tamaulipas<\/option><option value=\"Tlaxcala\">Tlaxcala<\/option><option value=\"Veracruz\">Veracruz<\/option><option value=\"Yucat\u00e1n\">Yucat\u00e1n<\/option><option value=\"Zacatecas\">Zacatecas<\/option><\/select><\/p>\n<p><label for=\"Comentarios\">Comentarios:<\/label><br><input id=\"Comentarios\" name=\"Comentarios\" required=\"\" type=\"text\"><\/p>\n<p><input type=\"submit\" value=\"Enviar\" onclick=\"window.location.href='https:\/\/syptel.com\/index.php\/gracias-por-comunicarse\/'\" ;=\"\"><\/p>\n<\/form>\n<\/div>\n<\/div>\n","protected":false},"excerpt":{"rendered":"<p>Oficina Corporativa TijuanaSYPTEL, S.A. de C.V.Miguel M. Lira #2250-B, Col. MorelosTijuana, B.C. | M\u00e9xico | C.P. 22150 Tel. (664) 633 70 00 Departamento de Ventasventas@syptel.com Departamento de Comprascompras@syptel.com Nombre: Email: Tel\u00e9fono: Nombre de la Empresa: Ubicaci\u00f3n:Selecciona tu estadoAguascalientesBaja CaliforniaBaja California SurCampecheChiapasChihuahuaCiudad de M\u00e9xicoCoahuilaColimaDurangoEstado de M\u00e9xicoGuanajuatoGuerreroHidalgoJaliscoMichoac\u00e1nMorelosNayaritNuevo Le\u00f3nOaxacaPueblaQuer\u00e9taroQuintana RooSan Luis Potos\u00edSinaloaSonoraTabascoTamaulipasTlaxcalaVeracruzYucat\u00e1nZacatecas Comentarios:<\/p>\n","protected":false},"author":1,"featured_media":0,"parent":0,"menu_order":0,"comment_status":"closed","ping_status":"closed","template":"","meta":{"iawp_total_views":66,"_joinchat":[],"footnotes":""},"class_list":["post-245","page","type-page","status-publish","hentry"],"_links":{"self":[{"href":"https:\/\/syptel.com\/index.php\/wp-json\/wp\/v2\/pages\/245","targetHints":{"allow":["GET"]}}],"collection":[{"href":"https:\/\/syptel.com\/index.php\/wp-json\/wp\/v2\/pages"}],"about":[{"href":"https:\/\/syptel.com\/index.php\/wp-json\/wp\/v2\/types\/page"}],"author":[{"embeddable":true,"href":"https:\/\/syptel.com\/index.php\/wp-json\/wp\/v2\/users\/1"}],"replies":[{"embeddable":true,"href":"https:\/\/syptel.com\/index.php\/wp-json\/wp\/v2\/comments?post=245"}],"version-history":[{"count":192,"href":"https:\/\/syptel.com\/index.php\/wp-json\/wp\/v2\/pages\/245\/revisions"}],"predecessor-version":[{"id":840,"href":"https:\/\/syptel.com\/index.php\/wp-json\/wp\/v2\/pages\/245\/revisions\/840"}],"wp:attachment":[{"href":"https:\/\/syptel.com\/index.php\/wp-json\/wp\/v2\/media?parent=245"}],"curies":[{"name":"wp","href":"https:\/\/api.w.org\/{rel}","templated":true}]}}